t the prime factors of k.
2, 29, 347
Suppose 0 = 16*y + 3054 - 62. Let t = y + 1353. What are the prime factors of t?
2, 11, 53
Suppose 0 = -2*y - 5*j + 170, 3*y + 2*j - 234 - 21 = 0. Suppose -60*k - y = -59*k. What are the prime factors of 51/k - (1 - 608/5)?
2, 3, 5
Let v(t) = 10*t**2 - 24*t + 2. Let l be v(13). What are the prime factors of 27/6*l/45?
2, 3, 23
Let z(f) = -f**3 + 9*f**2 - 34*f + 1. Let o be z(14). Let c = -525 - o. List the prime factors of c.
2, 3, 5, 31
Let r(o) = -2459*o + 1. Let f be r(-1). Suppose 31*d + f = 41*d. List the prime factors of d.
2, 3, 41
Suppose 0 = -109*b - 404650 + 1336334 + 316366. List the prime factors of b.
2, 5, 229
Suppose 1310*n - 1313*n + 2658 = t, 13374 = 5*t + n. What are the prime factors of t?
2, 3, 223
Suppose 10*w = 14 + 6. Suppose -2*x = -4*g + 16, 2*x + 4 + 2 = w*g. Suppose -3*i + x*i - 3*z = 3, 5*i = -5*z + 5. List the prime factors of i.
3
Let l(v) = 86*v**2 + 4*v - 2. Let x(f) = f**3 - 11*f**2 + 2. Let u be x(11). Let q be (u - -1)/((-1)/(4/(-12))). What are the prime factors of l(q)?
2, 11
Let t(f) = 3379*f**2 - 350*f - 1. List the prime factors of t(4).
13, 4051
Let x = -49 - -51. Suppose 0 = -2*y - 2*j + 6 + x, -y + 8 = 3*j. What are the prime factors of 0 + 2/y*137?
137
Let g be 14/5 + -3 + 228/(-60). Let l(t) = -187*t - 5. List the prime factors of l(g).
743
Let l be (-1556)/(-7) + 4/(-14). Let x(g) = 412*g + 1993. Let v be x(-5). Let c = l + v. List the prime factors of c.
5, 31
Let q(d) = 687*d**3 + 5*d**2 - 37*d + 84. What are the prime factors of q(3)?
3, 2063
Let o(g) = 16*g + 6. Let m be o(2). Suppose -3*s - 45 = -5*r + m, 5*s - r = -131. What are the prime factors of (s/2)/(5/(-5))?
13
Suppose -4*m + 15*p + 320 = 10*p, -2*m + 174 = p. Suppose 4*x = 78 + 30. Let y = m + x. What are the prime factors of y?
2, 7
Let g(o) = 3*o + 24. Let p be g(-10). Let j(r) = -79*r - 20. What are the prime factors of j(p)?
2, 227
Suppose 8*z + 20 = -2*z. List the prime factors of (-1 - z)/(28/(-28)) - -855.
2, 7, 61
Suppose 2*r + 25 = 7*r. Suppose -3*t = -t - r*n + 1160, 2*t = n - 1152. What are the prime factors of (-5)/(125/10)*t?
2, 5, 23
Let c(y) = y**3 + 8*y**2 - 26. Suppose 5*d = -2*j + 2*d - 16, 2*j = -4*d - 18. What are the prime factors of c(j)?
7
Let m(o) = -6*o - 26. Let p be m(-6). Suppose -p*t = 12 - 2. List the prime factors of 0 + t + 1 + 157.
157
Let a = 339 + -336. Suppose -4*z + a*f + 374 = 0, 0 = 3*z - 3*f - 2*f - 286. List the prime factors of z.
2, 23
What are the prime factors of (-4)/2 + (-13 - -32 - -7519)?
2, 3, 157
Let d(h) = 21*h + 3. Suppose 2*i - 2*m + 7*m = 0, -4*i = 3*m. Suppose -u + 6*u - 35 = i. List the prime factors of d(u).
2, 3, 5
Let g = -384 - -4539. Suppose -13*o + g + 512 = 0. What are the prime factors of o?
359
Let b = -12 - -13. Let w be 2 + (3 - b - 3) + 2. Suppose -y = -4*j - 23 - 93, -w*j = 2*y - 232. List the prime factors of y.
2, 29
Let t = -162 + 164. Suppose 6*k - k + v - 25 = 0, -5 = -k - t*v. What are the prime factors of k?
5
Suppose 8*q - 6*q = -176. Let v be q/(-24) + 2/(-3). Suppose -3*p + 427 = 2*t, v*t = -3*p + 8*t + 455. List the prime factors of p.
5, 29
Suppose 0 = 77*z - 66*z - 1353. Suppose -114*r = -z*r + 4221. What are the prime factors of r?
7, 67
Let d be (-3)/(-5) + 1023/(-55). Suppose r - 81 + 85 = 0. List the prime factors of r/d + 1565/45.
5, 7
Suppose -4*x + 2*s + 472 = -492, x - 246 = 3*s. Let a(t) = -4*t**3 - 2*t**2 + t + 1. Let u be a(-1). Suppose x = u*q + 3*q. What are the prime factors of q?
2, 3
Suppose -4*t = 4*l - 144944, -16*t = -21*t + 40. List the prime factors of l.
2, 3, 3019
Suppose 6*c - 291 = 2163. Let w = c - 101. List the prime factors of w.
2, 7, 11
Let q(j) = -j + 21. Let t be q(7). Suppose -2*a = 2*x + t, -x + 2 = -0*x - 2*a. Let d(f) = -33*f - 24. What are the prime factors of d(x)?
2, 3
Let q(p) be the second derivative of 0 + 2/3*p**3 + 15/2*p**2 - p. List the prime factors of q(7).
43
Suppose 55*v - 7*v = 96. List the prime factors of (65 + v)/(1/5).
5, 67
Let b be 0 + 8/(48/18). Suppose 1025 = n + 4*f, b*f + 3168 - 1140 = 2*n. What are the prime factors of n?
3, 113
Suppose 0 = 7*l + l - 4*l. Suppose l = -5*v - 7*v + 288. List the prime factors of (12/v)/(2/(350 - 2)).
3, 29
Let y(j) = -44*j + 467. List the prime factors of y(-13).
1039
Let q(t) = 183*t**2 + 54*t + 764. List the prime factors of q(-21).
11, 67, 109
Suppose 2*z - v + 6 - 48 = 0, -5*z + 105 = 4*v. Suppose 0 = -o - 10 + z. Let a(t) = t**2 - 8*t - 1. List the prime factors of a(o).
2
Let j be 2/(-4)*((-2)/1 + 2). Let p(x) = 2*x - 6. Let t be p(j). List the prime factors of (-65)/(-15) - 5 - 514/t.
5, 17
Let b(c) = -437*c + 175. List the prime factors of b(-27).
2, 5987
Suppose 3*j = 3*q - 33, 5*j + 14 = j - 2*q. What are the prime factors of 1594/5 - 5/(25/j)?
2, 5
Let n be ((-36)/(-42))/((-4)/(-70)). What are the prime factors of 279 + ((-20)/(n/(-3)) - 1)?
2, 3, 47
Let t = -1230 - -2537. List the prime factors of t.
1307
Let m = -67 + 69. Let j(c) = -6*c**2 + c**m + 12*c + 7 + 9*c**2 + 3*c**2. List the prime factors of j(-6).
11, 17
Let w(l) = 17*l - 11. Suppose 3*j = -21 + 6, x = -5*j - 1. Let a be (1 + 0)/(4/x). List the prime factors of w(a).
7, 13
Let k = -12 - -12. Let p be 6/(-4) - 525/(-10). Suppose k = 2*a - p - 3. List the prime factors of a.
3
Let w = 1 + 16. Let d = w - 32. What are the prime factors of ((-129)/5)/((-3)/d*-1)?
3, 43
Suppose -5*v + 2*y + 105390 = 0, -3*v = -2*v + 4*y - 21100. What are the prime factors of v?
2, 5, 17, 31
Let j(b) = 24*b**2 - 6*b + 11. Let u(i) = -24*i**2 + 7*i - 12. Let o(z) = -4*j(z) - 5*u(z). List the prime factors of o(5).
3, 11, 17
Let d = 33594 - 18608. List the prime factors of d.
2, 59, 127
Let c = -3187 + 10487. What are the prime factors of c?
2, 5, 73
Let v(l) = 12*l**2 + 73*l - 249. What are the prime factors of v(20)?
6011
Let h(y) = 102*y**2 + 1 - y + 6*y + 3*y - 13*y. What are the prime factors of h(-2)?
419
Let b(f) be the first derivative of f**4/4 - 5*f**3 + 18*f**2 + 10*f + 4. Let q be b(12). What are the prime factors of 4/q + 2556/60?
43
Suppose -3*m = -12*m + 2412. Let a be m/6 - (-1)/3. List the prime factors of (a/(-4))/((-6)/32).
2, 3, 5
Suppose -10*d - 4*d + 78576 = -8*d. List the prime factors of d.
2, 1637
Suppose 0 = -2*w + 4, -3*j - 8 = -6*j - w. Let a be -1*j/(2/(-3))*1. Let v(h) = 43*h + 1. What are the prime factors of v(a)?
2, 5, 13
Let r = -81 - -135. Suppose -3*h = -t + 4, -r = -3*t - h - 12. Suppose -b = -t - 241. What are the prime factors of b?
2, 127
Let k = 88 - 88. Let l be (-3 + k)/(0 - 1). Let m(s) = 7*s**3 - s**2 + 7*s - 13. List the prime factors of m(l).
2, 47
Let o(m) = 9*m**3 + 5*m**2 - 15*m - 207. What are the prime factors of o(8)?
43, 107
Let u(z) = -4*z**2 + 25*z + 2. Let i(f) = -2*f**2 + 13*f + 1. Let a(n) = 11*i(n) - 6*u(n). Let g(l) = 4*l + 91. Let h be g(-24). List the prime factors of a(h).
2, 3, 7
What are the prime factors of 18211*(-10)/4*24/(-30)?
2, 18211
Suppose 1 = 4*t - 11. Let l be ((0 - -20) + 4)*(-10)/15. What are the prime factors of ((t - 2)*-1)/(l/1520)?
5, 19
Suppose 0 = -0*h - 4*h + 8. Suppose 15 = 3*f + 3*x, -12 = -h*f + 2*x - 6*x. What are the prime factors of (-2728)/(-16) + (-2)/f?
2, 5, 17
Suppose 26936 = f + 2*j, 62*j = 65*j + 6. List the prime factors of f.
2, 3, 5, 449
Suppose -3*n - n = g - 10, 0 = 4*g - 5*n - 19. Suppose -1152 - 1854 = -g*p. Suppose -3*f = 3*o - 303, -5*o + 3*f - p = -10*o. List the prime factors of o.
3, 11
Let j = -1017 - -6342. List the prime factors of j.
3, 5, 71
Let v = 2014 - 2956. Let f = v - -1930. What are the prime factors of f?
2, 13, 19
Suppose -987*v - g = -992*v + 19113, 3*g = 3*v - 11463. List the prime factors of v.
3823
Let j be (-3 + 10/3)/(2/(-6)). What are the prime factors of ((-1)/(1/(-305)))/(0 - j)?
5, 61
Let p(w) = -348*w - 1788. List the prime factors of p(-25).
2, 3
Let x = -144 - -126. What are the prime factors of ((-19148)/x - 3) + (-56)/(-252)?
1061
Let q be (-1 - (-2 - 0))/((-4)/(-20)). Suppose i = l + 120, 7*l - q*l = -4*i + 474. List the prime factors of i.
7, 17
Let o = -21044 - -37393. List the prime factors of o.
16349
Let i(x) = -7*x - 3. Let m be i(-1). Suppose 468 = 5*z + m*z. Let v = -27 + z. What are the prime factors of v?
5
Suppose 2*o - 